prime factors of (-1 + -79)/(k - o)?
2, 5
Let x be 10/(-2)*(-2)/(-5)*-1. Suppose x*k - d + 1 = 5*k, 4*d = -20. Suppose -4*m = 4*l - 188, 0*m + 8 = k*m. List the prime factors of l.
43
Let z be (-8)/(-16)*(2 + -8) + 5. Suppose 5*i + 3 - 8 = -5*r, -2*r = -z*i + 22. Suppose i*o - 147 = 3*o. What are the prime factors of o?
7
Suppose 26*z - 139117 = -46453. Suppose z = 9*w - 891. List the prime factors of w.
3, 5, 11
Let w(n) = 20*n - 158*n + 13 + 1. List the prime factors of w(-7).
2, 5, 7
Let u = -88179 - -148664. List the prime factors of u.
5, 12097
Let g = 42173 - 6285. List the prime factors of g.
2, 2243
Let y be ((-5)/(-5))/(3/9). Suppose 0 = 4*o + 2*g - 110, -g = 2*g - y. List the prime factors of o.
3
Let a = 551 - 105. List the prime factors of a.
2, 223
Let u be 135948/9 - 1/3. Suppose -14*m + u = m. What are the prime factors of m?
19, 53
Suppose -2*m - 2*m + 5059 = d, -5*m - 3*d = -6322. Suppose 5*s + 2*f = 1237, 5*f = s + 4*s - m. What are the prime factors of s?
3, 83
Suppose -31*z + 24 = -19*z. Suppose -z*g - g + 1440 = 0. What are the prime factors of g?
2, 3, 5
Suppose -6*l = -8*l + 198. Let o = 47 - l. Let t = o + 137. What are the prime factors of t?
5, 17
Let z be 3790/(-30) - 6/9. Let g = 130 + z. What are the prime factors of (-18 + 1)/(g/(-39))?
13, 17
Let z(m) = -2*m**2 + 25*m + 17. Let k be z(13). Suppose -k*f = 2*x - 8, 5*x - x = -f + 37. What are the prime factors of x?
2, 5
Let s = -218 + 2980. Let h = s - 1812. List the prime factors of h.
2, 5, 19
Let u = 42414 - 24822. List the prime factors of u.
2, 3, 733
Suppose -2*a = i - 2180 - 2562, 2*i = 4*a + 9452. What are the prime factors of i?
2, 3, 263
Let j = -397 - -7821. List the prime factors of j.
2, 29
Let z = 219 - 219. Suppose -8*i + 11*i - 189 = z. What are the prime factors of i?
3, 7
What are the prime factors of (555/(-10) - -56)/(2/171876 + 0)?
3, 14323
Let z = 17 - 14. Suppose 4*o + 8*b - z*b = -4, 3*o = -3*b. Suppose 0 = 2*l + o, -4*n - 2*l + 461 = n. What are the prime factors of n?
3, 31
Let l(t) = 5*t + 36. Let c be l(13). Let j = 110 - c. List the prime factors of (69/j + -6)/((-1)/(-141)).
5, 47
Let d be 129/2*(-20)/30. Let z = d - -348. List the prime factors of z.
5, 61
Let l(b) = 5*b**3 - 18*b**2 + 91*b + 31. What are the prime factors of l(10)?
41, 101
Let q(h) = -h**3 + 12*h**2 - 4*h - 12. Let r be q(6). Suppose r = -169*o + 171*o. List the prime factors of o.
2, 3, 5
Suppose -3*b + b + 32 = 4*d, 91 = 5*b - d. Let s be ((-34)/(-6))/(6/b). Suppose 19*r - s*r = 208. List the prime factors of r.
2, 13
Suppose -2*c - 5*s = -17037, -4*c + 9*c - 42627 = -s. What are the prime factors of c?
2, 3, 7, 29
Let r(b) = b**2 + 12*b - 24. Let q be r(11). Let p be 9/4 + 5/(-20). Suppose q = p*x + 31. List the prime factors of x.
3, 11
Let c(f) = -2*f**3 - 287 + 147 + 114 - 17*f**2 + 5*f. What are the prime factors of c(-12)?
2, 461
Suppose 0 = u - 4*y - 23, 8*u + 4*y + 11 = 5*u. Suppose u*k = o + 5605, -1826 = -2*k + 2*o + 1908. What are the prime factors of k?
3, 7, 89
Let n = -78 - -193. Let w = 47 - n. Let u = w - -183. List the prime factors of u.
5, 23
Let t(h) = 73*h + 17. Let x be t(10). Suppose 1271 = j + c, 0 = -2*j - 5*c + x + 1807. List the prime factors of j.
7, 181
Suppose 7*m - 12550 = -3*m. Suppose -2*s = f - m, 2*s = -2*f + 4*s + 2516. List the prime factors of f.
3, 419
Let m = 342 + -233. Suppose 114*t = m*t + 8115. What are the prime factors of t?
3, 541
Suppose 2*m + 5*a - 11 = 0, 6 - 1 = 5*a. Suppose -i = -2*w, -m*w + w = 2*i - 30. What are the prime factors of i?
2, 5
Let n = -684 - -768. Let j(c) = 27*c + 2. Let d be j(2). Suppose -n = -2*i + d. What are the prime factors of i?
2, 5, 7
Let i(z) = 16572*z**2 + 17*z - 18. What are the prime factors of i(1)?
73, 227
Let m = -561 - -828. Suppose -m = 4*x - 1707. Suppose -3*o = -b - x - 157, -o = -3*b - 175. List the prime factors of o.
2, 43
Let q be (2 + -1)*6/(-2). Let h(s) = -138*s - 39. Let z(n) = 206*n + 56. Let l(o) = -7*h(o) - 5*z(o). List the prime factors of l(q).
5, 37
Let h = 13385 + 2270. List the prime factors of h.
5, 31, 101
Suppose w = -a + 5, -4*w + 17 = w + a. Suppose -3*d - 3 = 0, w*t + 2*t - d - 986 = 0. What are the prime factors of t?
197
Let v(y) = -7585*y**3 + y**2 - y - 2. Let k be v(-1). Suppose -3*s + k = 4*f - 0*s, 4*s + 1901 = f. Suppose -f = d - 8*d. What are the prime factors of d?
271
Let b = -7392 + 12125. List the prime factors of b.
4733
Suppose -u - 5 = 3*w - 1, 0 = -4*u + w + 23. Suppose u*l + 4*t - 640 = 0, 0 = -2*l + t - 50 + 319. List the prime factors of l.
2, 3, 11
Suppose 160*d - 840 = 145*d. What are the prime factors of 807/(-1)*(3 - d/12)?
5, 269
Let j(o) = -5*o + 8. Let g be j(18). Let l = 97 + g. Suppose -378 = -l*p + 9*p. List the prime factors of p.
3, 7
Suppose i + 12 = -5*q, 14 = 2*i + 2*q + 6. Suppose 5*y + 6*t - i*t = 447, -2*y + 3*t = -181. What are the prime factors of y?
89
Suppose 0 = -1273*t + 1259*t + 199150. What are the prime factors of t?
5, 569
Let f = 237 + -232. Suppose -680 = -5*y - 5*x - 0*x, -f*y + 2*x = -680. What are the prime factors of y?
2, 17
Suppose 9*d - 11*d = -10. Suppose 2*o - 3*q = 848, 0 = -4*o - 0*o + d*q + 1700. What are the prime factors of o?
2, 5, 43
Suppose 5*k - 2*f - 21 = 0, -3*f - 11 - 1 = -k. Let b = 0 + k. Let w(q) = 12*q**2 - 2*q + 5. What are the prime factors of w(b)?
107
Suppose 53*a - 55*a = -3*t + 151627, 0 = -2*t - 5*a + 101072. What are the prime factors of t?
3, 17, 991
Let q(n) = -69 + 13*n - 28 + 52*n + 164. What are the prime factors of q(2)?
197
Let m = -13137 - -25634. What are the prime factors of m?
12497
Let t be 3*440/24*1. Suppose 59*w - 4472 = t*w. What are the prime factors of w?
2, 13, 43
Suppose 14*b - 177 + 9 = 0. Let x(f) = f**3 - 13*f**2 + 21*f - 48. What are the prime factors of x(b)?
2, 3, 5
Let p be -2*-11*(-212)/(-8). Suppose 0 = 3*z + 2*a - p, 29*a = z + 34*a - 190. List the prime factors of z.
3, 5, 13
Let t(g) = -16*g**2 - g - 83. Let y be t(6). What are the prime factors of (5 - (y + 3/1)) + 0?
23, 29
Let r = 255 - 244. Suppose 10*b = r*b - 370. What are the prime factors of b?
2, 5, 37
Suppose x + 5*w - 1639 = 0, 0*w + w = 5*x - 8143. Suppose 8*j = x - 485. Let a = j + -67. List the prime factors of a.
2, 19
Suppose 4*h = -5*d + 3*h + 319035, -2*d = -5*h - 127641. What are the prime factors of d?
2, 997
Let c(v) be the first derivative of 38*v**2 + 32*v - 75. List the prime factors of c(18).
2, 5, 7
Suppose 64667 + 103500 - 31217 = 25*n. List the prime factors of n.
2, 3, 11, 83
Let a(i) = i**3 - 4*i**2 - 13*i + 4. Let j = 34 + -40. Let o be a(j). Let z = o - -469. List the prime factors of z.
191
Let z(y) = 18*y**2 - 1. Let r be z(-1). Let c = 133 - r. Suppose -2*s + c = 2*s. What are the prime factors of s?
29
Let c(z) = 108*z. Let f be c(-2). Suppose -2*i + 677 = -5*k, 5*k + 674 = 2*i + 3*k. Let g = f + i. What are the prime factors of g?
2, 3, 5
What are the prime factors of (15/(-3) - 7904)*((-18)/(-6) - 4)?
11, 719
Let y = -17869 - -25247. List the prime factors of y.
2, 7, 17, 31
Suppose 5*f - 5*y = 80, -y + 56 = 4*f - 28. Suppose 0 = -4*i + 13*b - 18*b + 1324, 0 = 5*b - f. List the prime factors of i.
2, 163
Let k(c) = 3*c**2 + 21*c + 8. Let q be k(-7). List the prime factors of (5 - q - 2) + 768.
7, 109
Let b = 15843 - 10206. What are the prime factors of b?
3, 1879
Let g(l) = -26*l + 100. Let t be g(-4). Let f = 372 - t. List the prime factors of f.
2, 3, 7
Let d = -172 + -672. Let p = d - -1753. List the prime factors of p.
3, 101
Let x = -33024 - -58649. What are the prime factors of x?
5, 41
Suppose -31*x - 23*x = -4854 - 25980. List the prime factors of x.
571
Suppose -21215 = -g - 4*x, 2*x - 70293 = -3*g - 6648. What are the prime factors of g?
5, 4243
Let y(a) = -23*a**3 - a**2 - a + 13. Let x be y(-4). Let c = x - -292. What are the prime factors of c?
5, 353
Let u be ((-4)/(-10))/(4 + (-357)/90). Suppose -u*q + 8*q + 12 = 0. Suppose 0 = -5*c + 7*c - 2*a - 328, -q*c - 3*a = -462. What are the prime factors of c?
3, 53
Suppose 0 = -2363*n + 2395*n - 635008. What are the prime factors of n?
2, 11, 41
Suppose -s - 18 = -3*y, 3*s - s + 36 = -4*y. Let t be -3 + (3 + s)*-17. Suppose -4*u + t = -2*u. What are the prime factors of u?
2, 3, 7
Let f(n) =